{"id":2,"date":"2019-01-06T09:18:21","date_gmt":"2019-01-06T08:18:21","guid":{"rendered":"http:\/\/matu.lu\/?page_id=2"},"modified":"2019-03-22T09:39:02","modified_gmt":"2019-03-22T08:39:02","slug":"page-d-exemple","status":"publish","type":"page","link":"https:\/\/matu.lu\/index.php\/page-d-exemple\/","title":{"rendered":"Qui suis-je ?"},"content":{"rendered":"<p style=\"text-align: justify;\">Partager un coup de c\u0153ur litt\u00e9raire, c&rsquo;est comme partager un bon verre de vin. \u00c7a rapproche, c&rsquo;est une invitation \u00e0 livrer un petit peu de soi, c&rsquo;est mettre des mots sur des \u00e9motions, c&rsquo;est esp\u00e9rer faire na\u00eetre en l&rsquo;autre le m\u00eame ressenti que celui qu&rsquo;on \u00e9prouve&#8230; Puis parfois, c&rsquo;est grisant! J&rsquo;adore \u00e7a alors j&rsquo;ai d\u00e9cid\u00e9 de me lancer dans la blogosph\u00e8re.<\/p>\n<p><img loading=\"lazy\" decoding=\"async\" class=\"size-medium wp-image-165 aligncenter\" src=\"http:\/\/matu.lu\/wp-content\/uploads\/2019\/03\/Maryse-300x214.jpg\" alt=\"\" width=\"300\" height=\"214\" srcset=\"https:\/\/matu.lu\/wp-content\/uploads\/2019\/03\/Maryse-300x214.jpg 300w, https:\/\/matu.lu\/wp-content\/uploads\/2019\/03\/Maryse-768x549.jpg 768w, https:\/\/matu.lu\/wp-content\/uploads\/2019\/03\/Maryse-1024x732.jpg 1024w, https:\/\/matu.lu\/wp-content\/uploads\/2019\/03\/Maryse.jpg 1836w\" sizes=\"(max-width: 300px) 100vw, 300px\" \/><\/p>\n<p style=\"text-align: justify;\">Je m&rsquo;appelle Maryse, j&rsquo;ai la trentaine bien tap\u00e9e et depuis aussi loin que je me souvienne, je suis une insatiable d\u00e9voreuse de livres!<\/p>\n<p>Apr\u00e8s une licence en langues et litt\u00e9ratures romanes, j&rsquo;ai plong\u00e9 t\u00eate la premi\u00e8re dans le m\u00e9tier du livre. Assistante d&rsquo;\u00e9dition, libraire, membre de comit\u00e9s de lecture&#8230; ma passion est devenue mon job. Ce qui ne l&#8217;emp\u00eache pas d&rsquo;encore occuper une grande partie de mon temps libre.<\/p>\n<p>Bref, je lis.<\/p>\n<p>Je lis surtout des romans. Classiques ou contemporains, je prends tout ce qui est bon! Et, depuis la naissance de ma fille, je d\u00e9couvre \u00e9merveill\u00e9e l&rsquo;univers \u00e9patant des albums jeunesse et le bouquet d&rsquo;\u00e9motions qu&rsquo;ils provoquent, chez mon enfant comme chez moi.<\/p>\n<p>Je vous en parle. Pr\u00eat.e pour de belles d\u00e9couvertes? Bienvenue sur Matu.lu!<\/p>\n<p>&nbsp;<\/p>\n","protected":false},"excerpt":{"rendered":"<p>Partager un coup de c\u0153ur litt\u00e9raire, c&rsquo;est comme partager un bon verre de vin. \u00c7a rapproche, c&rsquo;est une invitation \u00e0 livrer un petit peu de soi, c&rsquo;est mettre des mots sur des \u00e9motions, c&rsquo;est esp\u00e9rer faire na\u00eetre en l&rsquo;autre le m\u00eame ressenti que celui qu&rsquo;on \u00e9prouve&#8230; Puis parfois, c&rsquo;est grisant! J&rsquo;adore \u00e7a alors j&rsquo;ai d\u00e9cid\u00e9&#8230;<\/p>\n","protected":false},"author":1,"featured_media":0,"parent":0,"menu_order":0,"comment_status":"closed","ping_status":"closed","template":"","meta":{"footnotes":""},"_links":{"self":[{"href":"https:\/\/matu.lu\/index.php\/wp-json\/wp\/v2\/pages\/2"}],"collection":[{"href":"https:\/\/matu.lu\/index.php\/wp-json\/wp\/v2\/pages"}],"about":[{"href":"https:\/\/matu.lu\/index.php\/wp-json\/wp\/v2\/types\/page"}],"author":[{"embeddable":true,"href":"https:\/\/matu.lu\/index.php\/wp-json\/wp\/v2\/users\/1"}],"replies":[{"embeddable":true,"href":"https:\/\/matu.lu\/index.php\/wp-json\/wp\/v2\/comments?post=2"}],"version-history":[{"count":6,"href":"https:\/\/matu.lu\/index.php\/wp-json\/wp\/v2\/pages\/2\/revisions"}],"predecessor-version":[{"id":169,"href":"https:\/\/matu.lu\/index.php\/wp-json\/wp\/v2\/pages\/2\/revisions\/169"}],"wp:attachment":[{"href":"https:\/\/matu.lu\/index.php\/wp-json\/wp\/v2\/media?parent=2"}],"curies":[{"name":"wp","href":"https:\/\/api.w.org\/{rel}","templated":true}]}}

<p style="text-align: justify;">Partager un coup de cœur littéraire, c&rsquo;est comme partager un bon verre de vin. Ça rapproche, c&rsquo;est une invitation à livrer un petit peu de soi, c&rsquo;est mettre des mots sur des émotions, c&rsquo;est espérer faire naître en l&rsquo;autre le même ressenti que celui qu&rsquo;on éprouve&#8230; Puis parfois, c&rsquo;est grisant! J&rsquo;adore ça alors j&rsquo;ai décidé de me lancer dans la blogosphère.</p>
<p><img loading="lazy" decoding="async" class="size-medium wp-image-165 aligncenter" src="http://matu.lu/wp-content/uploads/2019/03/Maryse-300x214.jpg" alt="" width="300" height="214" srcset="https://matu.lu/wp-content/uploads/2019/03/Maryse-300x214.jpg 300w, https://matu.lu/wp-content/uploads/2019/03/Maryse-768x549.jpg 768w, https://matu.lu/wp-content/uploads/2019/03/Maryse-1024x732.jpg 1024w, https://matu.lu/wp-content/uploads/2019/03/Maryse.jpg 1836w" sizes="(max-width: 300px) 100vw, 300px" /></p>
<p style="text-align: justify;">Je m&rsquo;appelle Maryse, j&rsquo;ai la trentaine bien tapée et depuis aussi loin que je me souvienne, je suis une insatiable dévoreuse de livres!</p>
<p>Après une licence en langues et littératures romanes, j&rsquo;ai plongé tête la première dans le métier du livre. Assistante d&rsquo;édition, libraire, membre de comités de lecture&#8230; ma passion est devenue mon job. Ce qui ne l&#8217;empêche pas d&rsquo;encore occuper une grande partie de mon temps libre.</p>
<p>Bref, je lis.</p>
<p>Je lis surtout des romans. Classiques ou contemporains, je prends tout ce qui est bon! Et, depuis la naissance de ma fille, je découvre émerveillée l&rsquo;univers épatant des albums jeunesse et le bouquet d&rsquo;émotions qu&rsquo;ils provoquent, chez mon enfant comme chez moi.</p>
<p>Je vous en parle. Prêt.e pour de belles découvertes? Bienvenue sur Matu.lu!</p>
<p>&nbsp;</p>

<p>Partager un coup de cœur littéraire, c&rsquo;est comme partager un bon verre de vin. Ça rapproche, c&rsquo;est une invitation à livrer un petit peu de soi, c&rsquo;est mettre des mots sur des émotions, c&rsquo;est espérer faire naître en l&rsquo;autre le même ressenti que celui qu&rsquo;on éprouve&#8230; Puis parfois, c&rsquo;est grisant! J&rsquo;adore ça alors j&rsquo;ai décidé&#8230;</p>
